) = m**3 + 12*m**2 - 11*m + 27. Let k be 48/(-3) - (-48)/16. Determine z(k).
1
Suppose 6 = l - h, -7*h = -l - 2*h + 6. Let n(t) = -t**2 - 6*t - 11 + 3 + l. Let i = -1 - 6. Calculate n(i).
-9
Let a(o) = -3*o**3 + 5*o. Let d(c) = 9*c**3 - c**2 - 13*c. Let q(j) = 8*a(j) + 3*d(j). Give q(2).
14
Let r(v) = 2*v + 4. Let a be r(-4). Let o be (-243)/(-45) + a/10. Let q(c) = -3 + 0*c**2 - 4*c**2 + 3*c**2 + o*c. Calculate q(6).
-9
Let j(r) = -r**2 + r + 7. Suppose 4*d - 4*h + 20 = 0, -8*h + 10 = -3*d - 6*h. Determine j(d).
7
Let y(x) = -17*x. Let k(w) = 4*w. Let r(a) = -9*k(a) - 2*y(a). Give r(-1).
2
Suppose -2*s = -s - 2*h + 12, 28 = -4*s + 3*h. Let d(a) = a**3 + 6*a**2 + 4*a. Give d(s).
16
Let k(v) be the first derivative of 0*v**2 + 3 - 1/8*v**4 - 5/3*v**3 + 1/120*v**5 + 1/360*v**6 + 0*v. Let l(d) be the third derivative of k(d). Calculate l(-4).
9
Let i(w) = -10 + 11*w + 14*w - 21*w - 5*w. What is i(11)?
-21
Let v(u) be the third derivative of u**6/720 - u**5/20 + 7*u**4/6 + 25*u**2. Let j(p) be the second derivative of v(p). Determine j(3).
-3
Suppose -130 = 3*l + 5*o, 4*l = -4*o + 2*o - 164. Let h = 40 + l. Let m(y) = -y**2. What is m(h)?
0
Let h(g) = -g**2 - 15*g - 11. Let j be h(-14). Let n(x) = -2*x**2 + 7*x - 3. Let i(r) = -3*r**2 + 11*r - 5. Let z(v) = -5*i(v) + 8*n(v). What is z(j)?
-5
Suppose -j - 3*j + 36 = 0. Let z be ((-36)/(-15))/(-1 - (-13)/10). Let r(g) = -8*g**2 + z*g - j - 2*g**3 + g**2 + 3*g**3. Give r(6).
3
Let u(q) = 6*q - 66. Suppose 3*i + 726 - 762 = 0. Calculate u(i).
6
Let d(t) = t**2 - 8*t - 9. Let z(b) = 2*b**2 - 4*b - 9. Let n be z(4). Calculate d(n).
-16
Let c be 2*5/(-10) + (-4)/2. Let p be 2/12*c - (-12)/(-8). Let l(b) = -2 + 1 - 1 + 2*b**2 + b. What is l(p)?
4
Let s be 1/((-4)/(-16) - (-3)/(-28)). Let t(r) = -r**2 + 5*r + 4. Give t(s).
-10
Let c(v) = -v**3 - 3*v**2 + 2*v - 4. Let z be (-2)/2 + 5 - 11. Let l(i) = -i - 11. Let o be l(z). What is c(o)?
4
Suppose 0 = -h + z + 4, -z + 3*z + 4 = 0. Let g(m) be the third derivative of m**4/6 + m**3/3 - m**2. What is g(h)?
10
Let h(b) = b**2 + 11*b - 10. Let a be h(-12). Let f(l) = -4 + 5*l + 2*l**2 - 3*l**a + l + 0*l. Let q(u) = 2*u**2 - 2*u. Let v be q(2). Determine f(v).
4
Let y(d) = -2 + 5 - 3 - 22*d - 4*d**2 + 3 - 15. Give y(-5).
-2
Let o(a) = -4*a**2 - 21*a - 3. Let f(k) = -2*k**2 - 10*k - 1. Let c(t) = 7*f(t) - 3*o(t). Suppose 94 - 65 = -4*w + 3*m, 2*w - 5*m + 25 = 0. Calculate c(w).
-13
Suppose 5 = 2*c + 1. Let v(b) = -7 + 2 - 3 - 5*b + b**c + 11. Determine v(6).
9
Let g be (-910)/(-98) - 4/14. Suppose -5*t - 12 = 2*n + g, 2*n - 2*t - 14 = 0. Let c(f) = -3*f**2 + 3*f. What is c(n)?
-6
Let s(n) be the third derivative of 0*n + 0*n**3 + 33*n**2 - 1/24*n**4 + 0. Let r be 2/(1 + 1) - 6. What is s(r)?
5
Let k(t) = t**2 + 11*t + 9. Let f(z) = 4*z**2 + 45*z + 36. Let r(b) = -2*f(b) + 9*k(b). Determine r(-9).
9
Let y(j) = j + 1. Let c(m) = 2*m**3 - 4*m**2 - 3*m - 5. Let x be c(3). Calculate y(x).
5
Let l(z) = -z. Let c(p) = 1. Let v(w) = -3*c(w) + l(w). Let k(u) = -u**3 - 8*u**2 - u - 2. Let m be k(-8). Determine v(m).
-9
Let i(s) = -s**2 - 2*s + 1. Let d = 3 - 6. Let c(r) = -r**2 - 2*r + 1. Let q(u) = d*i(u) + 4*c(u). Give q(-2).
1
Let r(q) = -14*q + 16. Let a(g) = 43*g - 47. Let l(j) = 3*a(j) + 8*r(j). Let z(c) = -5*c + 4. Let x(s) = -2*l(s) - 7*z(s). Give x(4).
2
Let p(z) = z**2 - 11*z + 13. Let q(x) = x**3 + 5*x**2 - 2*x. Suppose -s = -4 + 9. Let m be q(s). Let o be p(m). Let h(c) = c. What is h(o)?
3
Let f(y) = y**2 - 31*y + 12*y + 18*y + 20. Calculate f(0).
20
Suppose 0 = 7*i + 130 + 17. Let o be (-50)/14 - 12/i. Let l(n) = 3*n**2 + 2 - n**2 + n**2 + 4*n. Give l(o).
17
Let i(o) = 9 + 11*o - 15*o - 23 + 13. Calculate i(-7).
27
Let m(z) be the first derivative of -3*z**2/2 + 104*z + 388. What is m(33)?
5
Suppose -20 = -2*z - 2*z. Let w(p) = 0*p**2 - 7 - z*p**2 - 10*p + 2 + 4*p**2. Give w(-8).
11
Let b(z) = -1 - 66*z - 15 + 28*z + 23*z + 18*z. Calculate b(6).
2
Let c be 0 + 1 - (-7)/1. Let g = 7 + 5. Let q(l) = -4 + l**2 + g + l + l**3 + 2*l - c*l**2. Determine q(6).
-10
Let y = -44 - -53. Let b be ((-3)/y)/(2/18) + 0. Let t(r) be the second derivative of r**3/3 - r. What is t(b)?
-6
Suppose 2*m = 3*s - 1 - 9, -2*s = -4*m - 4. Suppose y = -5 + 3. Let h = y - m. Let c(u) = -u**2 - 3*u + 2. Determine c(h).
2
Let d(r) = -3*r**3 - 5*r**2 - 4*r + 20. Let c(s) = 2*s**3 + 3*s**2 + 3*s - 13. Let j(x) = 8*c(x) + 5*d(x). Determine j(2).
8
Let c(k) be the third derivative of k**4/24 + 3*k**3/2 - 74*k**2. Suppose 13*m + 82 = -22. Give c(m).
1
Suppose 0 = -2*n - 4*n + 36. Let w(j) = -j**2 + j - 1. Let s(a) = 5*a - 2. Let b(q) = -s(q) - w(q). Determine b(n).
3
Let d = -14 - -14. Suppose -3*x + d*x + 3*n - 6 = 0, 4*n = -4*x. Let v(g) = 13*g**3 - g. Determine v(x).
-12
Let c(d) be the second derivative of d**6/144 - 8*d**4/3 - 8*d. Let g(r) be the third derivative of c(r). Let j = 3 - 2. What is g(j)?
5
Let d(n) = -6*n + n - 5*n + 0*n. Give d(-1).
10
Suppose -123*g + 134*g - 66 = 0. Let q(d) = -d**2 + 8*d - 6. Give q(g).
6
Let k(t) = -t**2 - t + 1. Let h(s) = 3*s**2 + 4*s + 1. Let x(b) = -h(b) - 2*k(b). Let w = 48 - 40. Let i be (-754)/232 + 2*1/w. Give x(i).
-6
Let q(n) = 6*n - 1. Suppose -2*o = 2*o + 3*u - 31, 2*u + 56 = 5*o. Let r be 9 - ((-5 - -1) + 8). Suppose 0*v + 2*v = 3*l + 7, r*v - o = 5*l. Give q(v).
-7
Let g(l) = l**3 + l**2 - l + 3. Let q be (-5 - -2)/(-3) + 7. Let m be (-1)/(-1) + 2 + q. Let f = 11 - m. Determine g(f).
3
Let x(s) = s**3 - 2*s**2 - 5*s - 1. Let u(a) = 8*a - 1. Let r be u(2). Let c = r + -21. Let n(d) = -2*d - 8. Let v be n(c). What is x(v)?
11
Suppose -z + 14 = -2*n, -5*z + 90*n - 95*n = -25. Let a(s) = -s**2 + 8*s - 1. Calculate a(z).
-1
Let d(w) be the third derivative of -w**8/6720 + w**7/840 + w**6/240 - w**5/40 + w**4/2 - 14*w**2. Let o(n) be the second derivative of d(n). Calculate o(4).
-7
Suppose -5*n = -6*n + 13. Let h = n - 13. Let y(r) be the first derivative of -r**4/4 - r**3/3 - 4*r + 1. Determine y(h).
-4
Let j(t) = 4*t + 1. Let p = 20 + -17. Suppose g - p*g = 64. Let u = -30 - g. Give j(u).
9
Let h(n) = n - 4. Suppose -4*x + 55 = 3*f, 31 = 4*f + 3*x - 54. Suppose -f = -6*c - 1. Determine h(c).
0
Let s(g) = -84*g + 591. Let h be s(7). Let q(c) = -4 + c + 5*c**2 - 3*c + 1 - c**3. What is q(h)?
9
Suppose -15*k = -4 - 26. Let x(a) = 2*a**2 - 2*a - 1. Give x(k).
3
Suppose -5*v + 67 + 13 = 0. Suppose -h = -g + 1 - 3, -4*g - 2*h + v = 0. Let t(a) = 1 - 3 - a - g. What is t(4)?
-8
Let a(h) = -3*h**3 + 14*h**2 - 3*h + 13. Let p(f) = 4*f**3 - 16*f**2 + 4*f - 14. Let r(n) = 5*a(n) + 4*p(n). Determine r(-6).
3
Let p(g) = -3*g - 4. Let h(n) = -2*n - 5. Let v(r) = -2*h(r) + 3*p(r). Determine v(5).
-27
Let r be -8 - -1 - (-4 + 5). Let s(g) = 8 - g**2 + 3 + 9*g + 2*g**2 - 2. Determine s(r).
1
Let t(f) = -2*f - 36. Let o be (1566/(-12))/9 + (-6)/4. Let m be t(o). Let w(j) = 2*j**2 + 7*j + 5. Give w(m).
9
Suppose 14 = -q + u, 10 + 0 = -q + 2*u. Let y be 15/(-10) - q/(-4). Let v(m) be the third derivative of m**5/60 + 5*m**4/24 + 2*m**3/3 + 6*m**2. Calculate v(y).
10
Let w = 40 + -98. Let t = w - -55. Let s(h) be the first derivative of h**3/3 + 3*h**2/2 - 4*h - 2. What is s(t)?
-4
Let q(c) = -65 + 55 + 5*c + c. Let a(g) = g - 2. Let w(i) = 16*a(i) - 3*q(i). Let v be -1 - (4/2 + 0). What is w(v)?
4
Suppose -30 = 47*m - 265. Let f(t) be the second derivative of 1/2*t**4 + 0 + 2*t - 1/6*t**3 + 1/20*t**m - t**2. Determine f(-6).
4
Let j be 2/(5/(-3) - -1). Let f(v) = v**3 + 6*v**2 + 5*v + 2. Let r be f(-5). Let w(x) = 4*x**r + 3*x - 3 + x**3 + 5 - 3. Calculate w(j).
-1
Let r(p) = -p**3 + p**2 + p + 4. Let v be r(0). Suppose 4 = -d - v. Let b = d + 1. Let k(x) = x**2 + 8*x + 3. Determine k(b).
-4
Let m(j) = 2 + 6 + 13*j - j - j + 7*j**2. Let q(o) = 11*o**2 + 17*o + 12. Let c(f) = 8*m(f) - 5*q(f). Let p be 69/(-15) + 4/(-10). Determine c(p).
14
Let r(q) = -q**2 - q + 4. Let x be (2 + 54/(-15))*-5. Let g = 31 + -18. Suppose -z + g = -3*d, 3*d + z = -d - x. Calculate r(d).
-2
Let h(l) = 23*l**2. Let u(a) = 5*a - 24. Let g = 23 - 18. Let s be u(g). Determine h(s).
23
Let i(k) = 8*k - 58 + 58 - 7*k. Calculate i(-4).
-4
Let k(i) be the second derivative of -i**4/4 + i**3/2 - 78*i. Give k(3).
-18
Let p(a) = 26*a + 26. Suppose 5*m + 2*c + 90 = 0, 3*m + 2*c - 6*c = -28. L